2, what is 11010 + 1000101011101101101000001?
1000101011101101101011011
In base 3, what is 11 - -102222022211222200?
102222022211222211
In base 4, what is 1000223211 - 22101?
1000201110
In base 8, what is 3 - 1624172745?
-1624172742
In base 2, what is -100011111100 - 1001101111000001?
-1010010010111101
In base 2, what is -10000010101100001110000100 + -10011?
-10000010101100001110010111
In base 10, what is 63 + -1085143?
-1085080
In base 2, what is -110111011011011011 + -1011001?
-110111011100110100
In base 16, what is 16 - -26a582?
26a598
In base 3, what is -111101202 + -110222122?
-222101101
In base 13, what is 6187b1 + 4?
6187b5
In base 11, what is -72a402 + -57?
-72a459
In base 13, what is 22893bb9 - -9?
22893bc5
In base 11, what is -123 + 86881?
86759
In base 2, what is 1000010011 + -100111010110111?
-100110010100100
In base 2, what is -100100 - 10110010010100000011001?
-10110010010100000111101
In base 2, what is 1110100011 - 11101011?
1010111000
In base 16, what is -2245 + 1372?
-ed3
In base 9, what is 0 + 3874213?
3874213
In base 15, what is 2caab - 27?
2ca84
In base 4, what is -1020000 + 130331?
-223003
In base 4, what is 211333 - 301110?
-23111
In base 16, what is 1baff8a3 + 5?
1baff8a8
In base 16, what is -2f3 + 1b13?
1820
In base 13, what is 12779073 - 5?
1277906b
In base 15, what is 48 - 6e9bd?
-6e975
In base 7, what is 555663 + -3336?
552324
In base 15, what is -b6 - -c002?
be3b
In base 5, what is -4 + -2421340141?
-2421340200
In base 11, what is -120 - -120a663?
120a543
In base 11, what is 485949 + -68?
485891
In base 16, what is 42 + 6f844c?
6f848e
In base 5, what is -11 - 10411120?
-10411131
In base 11, what is 22 + -7331a6?
-733184
In base 5, what is 43 - 3241241?
-3241143
In base 14, what is bb + -109123?
-109046
In base 9, what is 74561841 - -15?
74561856
In base 9, what is 46 - 200071?
-200024
In base 16, what is a76e12e - 4?
a76e12a
In base 16, what is 55 - -7a117?
7a16c
In base 9, what is -512528 + 4?
-512524
In base 4, what is -11 + -13132231021010?
-13132231021021
In base 14, what is 6acb65c - -3?
6acb661
In base 8, what is 66716 - -21423?
110341
In base 12, what is 191 + -6b4937?
-6b4766
In base 10, what is 36 + -74404?
-74368
In base 4, what is 22 - -1013130003?
1013130031
In base 11, what is -151156 - -47a?
-150787
In base 5, what is 10 - 12203103012?
-12203103002
In base 13, what is 3c936a + -5?
3c9365
In base 7, what is -1433011 + 0?
-1433011
In base 3, what is -22012000 - 1221002?
-101010002
In base 7, what is 133 + -262152?
-262016
In base 6, what is 20 - 142435112?
-142435052
In base 10, what is 69 + -233750?
-233681
In base 6, what is 212103 - 1453?
210210
In base 15, what is 156 + 632b?
6482
In base 10, what is -68921 + -194?
-69115
In base 12, what is 2 + -16093a36?
-16093a34
In base 11, what is -47670813 - -1?
-47670812
In base 16, what is 4 - 41dd5b1?
-41dd5ad
In base 6, what is 22315 + -124120?
-101401
In base 14, what is -12 - 157562?
-157574
In base 4, what is -30 - -1112221123?
1112221033
In base 14, what is -8873628 + -3?
-887362b
In base 3, what is -1110021221221 - -1000222?
-1110020220222
In base 5, what is -111343 - 1212010?
-1323403
In base 9, what is -3 + -125337166?
-125337170
In base 16, what is 1d39 - 672?
16c7
In base 7, what is 464540026 - 2?
464540024
In base 6, what is -21031 + 103242?
42211
In base 3, what is 121000 + -102121222211?
-102121101211
In base 10, what is -10 + -23736880?
-23736890
In base 10, what is -3433333 + -39?
-3433372
In base 10, what is -68699 - 867?
-69566
In base 13, what is 9 - 5110832?
-5110826
In base 14, what is 2a907b2 + 3?
2a907b5
In base 15, what is 13252730 + 1?
13252731
In base 12, what is 413390 - 13?
413379
In base 15, what is -4 + -3d61d3a?
-3d61d3e
In base 7, what is 0 - -4212540113?
4212540113
In base 13, what is c98cac00 + 0?
c98cac00
In base 3, what is -200 - -2100112110?
2100111210
In base 15, what is 27 + -85908d?
-859066
In base 12, what is -273 + -3b99?
-4250
In base 12, what is -1a0896 + 835?
-1a0061
In base 14, what is -16528 - -9?
-1651d
In base 8, what is -2026465 + -21?
-2026506
In base 12, what is 4 + -870b404?
-870b400
In base 15, what is 19 - -40486?
404a0
In base 16, what is 6f - 3818?
-37a9
In base 5, what is -2303034101 - -112?
-2303033434
In base 4, what is -22000033 + 1223220?
-20110213
In base 16, what is -1ba5469 - -1?
-1ba5468
In base 8, what is -16517 - 2251?
-20770
In base 7, what is 51 - -645036?
645120
In base 2, what is -11 + -1101101001110010111110011011?
-1101101001110010111110011110
In base 8, what is 4 + 1135724?
1135730
In base 10, what is -1191 + -229563?
-230754
In base 9, what is 11213144 - -3?
11213147
In base 3, what is 101220 - -1100122222?
1101001212
In base 14, what is b8 + ddc3?
1009b
In base 14, what is 0 - 2d7d232?
-2d7d232
In base 7, what is 44341 + -233?
44105
In base 10, what is 24 - -736828?
736852
In base 2, what is -101100001110110101011101 - -100?
-101100001110110101011001
In base 2, what is -111111111101011000 - 1001010?
-111111111110100010
In base 8, what is 176 + 165407?
165605
In base 3, what is 10122122210022 - -1222?
10122122212021
In base 3, what is 12212222101001 + -1202?
12212222022022
In base 7, what is -302061640 + 0?
-302061640
In base 2, what is -101 - 11001000000011110010110?
-11001000000011110011011
In base 6, what is -2 + -23202155?
-23202201
In base 12, what is 761b16 + 87?
761ba1
In base 15, what is -5 - -43cb2e4?
43cb2de
In base 6, what is 21 - 1521112305?
-1521112244
In base 15, what is 148728 - -6?
14872e
In base 6, what is -325 - 225142?
-225511
In base 7, what is 3000622220 - -1?
3000622221
In base 13, what is -6 - 80c975a?
-80c9763
In base 16, what is 49 + -16afb?
-16ab2
In base 8, what is -3602 + 102331?
76527
In base 15, what is 3ebeb - ee?
3eaec
In base 11, what is -10865729 - 1?
-1086572a
In base 6, what is -133 - 45100540?
-45101113
In base 5, what is -2223142434 - 1044?
-2223144033
In base 6, what is -1243401 + -4055?
-1251500
In base 9, what is 42845303 - 2?
42845301
In base 2, what is 10110110011010011011 - 10110?
10110110011010000101
In base 15, what is a + -7a341?
-7a336
In base 8, what is -3 - -142661523?
142661520
In base 3, what is -111212010112212 + 10?
-111212010112202
In base 13, what is -4a + 7161?
7114
In base 14, what is 13dd + -200b4?
-1cab5
In base 15, what is 1 - -909ec77?
909ec78
In base 3, what is -112110100120 - 20112?
-112110121002
In base 6, what is -1433034521 + -5?
-1433034530
In base 16, what is 982 - -11e6?
1b68
In base 4, what is -2032302002 + -12033?
-2032320101
In base 5, what is -42 - 2323302100?
-2323302142
In base 16, what is -22f + 9d2c?
9afd
In base 15, what is -7a3 + -3847?
-40ea
In base 15, what is 59a + 16a1?
1c4b
In base 13, what is -b7497a - -8c?
-b748bb
In base 6, what is -25532 + 51322?
21350
In base 2, what is -111111100 - -110000000110110011?
101111111110110111
In base 11, what is 2 - 1520693?
-1520691
In base 10, what is -1 - 190241161?
-190241162
In base 8, what is 3 - -35152417?
35152422
In base 13, what is 619b0 + -77?
61936
In base 5, what is 0 + 323243342?
323243342
In base 8, what is 20465222 - 3?
20465217
In base 16, what is -19f - -1b83?
19e4
In base 3, what is -101102112210 + -211112?
-101110101022
In base 11, what is -23265 - 49?
-23303
In base 10, what is 5561 - 1629?
3932
In base 14, what is 17 - -bdd243?
bdd25a
In base 4, what is -3 + 23211013311?
23211013302
In base 14, what is d702a1 - 19?
d70286
In base 4, what is -13133 + -3310300233?
-3310320032
In base 16, what is 257 - 9062?
-8e0b
In base 9, what is 43536 - 3154?
40372
In base 6, what is -101132002 - -1?
-101132001
In base 9, what is -72 - 7465071?
-7465153
In base 2, what is 100101000 + -10101100000001000?
-10101011011100000
In base 11, what is -113 - 10807?
-1091a
In base 9, what is 146810 + -3076?
143723
In base 8, what is 13322075274 - -5?
13322075301
In base 2, what is 1010 - -1001000111000110?
1001000111010000
In base 9, what is -1580 + 60308?
57618
In base 8, what is 3 - -13443437?
13443442
In base 16, what is -13cb + 82b1?
6ee6
In base 8, what is 30 - -2636602?
2636632
In base 16, what is -32c - 752d?
-7859
In base 2, what is -10 + 10011111010100011101?
10011111010100011011
In base 10, what is -83833343 + 14?
-83833329
In base 2, what is -1001001100000